5
Let l be 2/(-6)*(-53 + 2). Let u = 19 + l. Suppose -3*t + 7*t + 3*g = u, 3*g - 24 = -2*t. What is the remainder when t is divided by 2?
0
Let g(z) = 4*z + 1. Let i(p) = -68*p - 202. Let l(n) = g(n) + i(n). What is the remainder when l(-11) is divided by 46?
43
Let i be ((-70)/(-15))/(((-16)/(-18))/4). Suppose -62*a = -65*a + i. Suppose -3*c + 48 = -c. What is the remainder when c is divided by a?
3
Suppose 0 = -5*w - 3*c + 1282, 2*w + 4*c - 3*c - 512 = 0. Calculate the remainder when w is divided by 29.
22
Let z = 159 + -134. Calculate the remainder when (-364)/(-5) + 1*5/25 is divided by z.
23
Let y(n) = n**3 + 26*n**2 + 89*n - 6. Calculate the remainder when y(-6) is divided by 78.
24
Suppose -4*l + 2*c + 72 = -6*l, -15 = -3*c. Let h = l - -579. Calculate the remainder when h is divided by 30.
28
Let a(x) = -x**2 - 2*x - 1. Let k be a(-7). Let j = 37 + k. Suppose j + 0 = g. Calculate the remainder when 1 is divided by g.
0
Let c = 70 + -74. Suppose 0 = -2*z + 164 - 70. What is the remainder when -2*(-6)/c + 91 is divided by z?
41
Let b(l) = -15*l - 12. Let h(x) = -x**2 - 3*x - 2. Let o be h(-4). Calculate the remainder when 306 is divided by b(o).
72
Let a = 1575 + -1114. Calculate the remainder when a is divided by 31.
27
Let s(p) = -p**2 + 12*p - 15. Suppose 17 = -0*g + 3*g - z, -2*g + 26 = 3*z. What is the remainder when 139 is divided by s(g)?
19
Let j = -52 + 48. Let u be j + 3 + 2 + 1. What is the remainder when ((-8)/8 - (u + -1)) + 65 is divided by 16?
15
Suppose -7 - 8 = 5*x - 5*k, -k = 4*x - 13. Let q(m) = -5*m - 3. Let f be q(-4). Let g = f + x. What is the remainder when g is divided by 10?
9
Suppose -3*j - 4*d = -7*d - 6, j + d + 2 = 0. Suppose -2*c + 2*w = -32, -5*w + 0*w - 5 = j. Let n = 90 + -50. What is the remainder when n is divided by c?
10
Let l = 147 - 145. Suppose -3*y = x - 676, -l*y + 5*x + 446 = x. What is the remainder when y is divided by 38?
35
Suppose v + 1018 = 2*i - 165, -i + v + 591 = 0. Calculate the remainder when i is divided by 67.
56
Let p(i) = i**3 - 6*i**2 + 4*i + 1. Let v be p(5). Let d(o) = 111*o**3 - 16*o**2 + 13*o + 4. Calculate the remainder when d(1) is divided by 229/6 - v/(-24).
36
Suppose 14 + 6 = 5*m. Suppose -2*o = -q + m, 0 = -2*q + o - 8 + 1. Let t = q + 35. Calculate the remainder when 141 is divided by t.
25
Suppose 5*j = 4*k + k - 15, 2*j - 18 = -k. What is the remainder when 292 is divided by k?
4
Let l = -2265 - -2429. Calculate the remainder when l is divided by 14.
10
Suppose -2*j - 2 = 2*k, -5*k = 3*j - 4*j + 29. Let u be (2/j)/((-2)/380)*-1. Let d = 142 - u. Calculate the remainder when d is divided by 16.
15
Suppose 0 = 2*h - c - 721 - 174, -2*h + 5*c + 915 = 0. What is the remainder when h is divided by 112?
109
Suppose -68*t + 67*t + j = -686, 3*t - j = 2068. What is the remainder when 1383 is divided by t?
1
Suppose -x = 4*y - 84, 2*y + 2*x = -y + 68. Suppose 0 = 4*g - 8*g + 184. What is the remainder when g is divided by y?
6
Let y(i) = -2*i**2 - 58*i + 17. Let z be y(-25). Let s = 268 - z. Calculate the remainder when s is divided by 21.
9
Let o = 850 - 842. Suppose -154 - 166 = -o*v. What is the remainder when 225 is divided by v?
25
Suppose -755*o = -6580988 + 189913. What is the remainder when o is divided by 35?
30
Let o(l) = -l**3 + 9*l**2 + 4*l + 8. Let n(g) = 2*g**2 + 1. Let x be n(-2). Let q be o(x). Suppose -m = -q - 11. What is the remainder when 109 is divided by m?
54
Suppose -4 - 6 = -2*m. Suppose -n - 341 = -4*j - 119, -10 = -m*n. Calculate the remainder when j is divided by 21.
14
Let c = 23 - 9. Let k = 7 - 13. Calculate the remainder when 14 is divided by (((-21)/c)/(1/k))/1.
5
Let r(c) = -c**3 + 8*c**2 + 81*c - 2. Suppose -4*g = 88 - 528. What is the remainder when g is divided by r(-6)?
14
Let y = -29 - -1612. Calculate the remainder when y is divided by 88.
87
Suppose -2727 = -2*t - 3*c - 753, 2*c + 2922 = 3*t. What is the remainder when t is divided by 325?
3
What is the remainder when 495 is divided by 183596/1185 + (12/45)/4?
30
What is the remainder when -3 - ((-88)/11 - -4)*577 is divided by 229?
15
Let x(w) = 20*w**2 - 138*w + 140. What is the remainder when 69 is divided by x(1)?
3
Suppose -h + 106 + 109 = 5. What is the remainder when h is divided by 79?
52
Let z(k) = 139*k + 28. Calculate the remainder when z(1) is divided by 53 + 60/(-14) + 6/21.
20
Let t be (-9177)/76*(-3)/((-27)/(-24)). Let l = t + -288. Calculate the remainder when 267 is divided by l.
29
Let y = -2363 + 2389. Calculate the remainder when y is divided by 24.
2
Suppose 2546 + 94 = 15*j. Calculate the remainder when j is divided by 30.
26
Suppose v + 8 = -v. Let z(d) = 4*d + 91. Calculate the remainder when z(-9) is divided by ((-64)/40)/(v/10).
3
Let j(n) = 262*n + 848. Calculate the remainder when j(-3) is divided by 25.
12
Let j(x) = 2*x**2 - 24*x - 420. What is the remainder when j(24) is divided by 74?
8
Suppose -15*f - 30 + 105 = 0. Suppose 3*b + s = 32, -9*b = -6*b + f*s - 40. Calculate the remainder when b/4*(-96)/(-300)*40 is divided by 12.
8
Suppose 0 = -o - u + 2, 11*o - 7*o = -u + 2. Suppose o = -3*k + 331 + 674. What is the remainder when k is divided by 26?
23
Let k(w) = w**2 + 2*w. Let j(m) = 92*m**2 - 10*m - 6. Let o(u) = j(u) + 8*k(u). Calculate the remainder when o(1) is divided by 34.
32
Let t be (-1)/3 - (-39)/9. Suppose -t*g + 25 = -63. Suppose g*d + 56 = 26*d. What is the remainder when 25 is divided by d?
11
Let a = -368 + 370. Suppose 5*b = 2*c + a*b - 211, -3*c + 300 = b. Calculate the remainder when c is divided by 32.
5
Let g = 204 - 79. Let d = g + 123. Suppose -5*h = q - 85, 4*q + 0*h - 3*h = d. Calculate the remainder when q is divided by 17.
14
Suppose 104 + 176 = 25*b - 45. What is the remainder when 10528 is divided by b?
11
Let t(q) = q**3 + 19*q**2 + 18*q + 4. Let c be t(-18). What is the remainder when 145 is divided by 1 - (-12)/(-48) - (-197)/c?
45
What is the remainder when (((-481)/(-39))/37)/(1 - 2256/2259) is divided by 56?
27
Suppose -5*p + 9*p - 3284 = 5*o, p + 2*o = 808. Suppose -4*f - 320 = -p. Let l = f + -112. What is the remainder when 23 is divided by l?
11
Let x(c) = -3*c**2 - 31*c + 457. What is the remainder when 675 is divided by x(-18)?
30
Suppose -312*x + 303*x = -414. What is the remainder when 689 is divided by x?
45
Let k = 76 - 46. Let b(n) = 15*n - 147. Let z be b(10). Suppose w - 259 = -3*l + z*w, -w + 4 = 0. What is the remainder when l is divided by k?
29
Let f(q) = 8*q**2 - 222*q + 1071. What is the remainder when 638 is divided by f(5)?
155
Let f(i) = -11*i**2 + 344*i - 1613. Let p(x) = 3*x**2 + 6*x. What is the remainder when f(6) is divided by p(-4)?
7
Let a(h) = -2*h**2 - 85*h + 10. Let x be a(-43). What is the remainder when 21 is divided by (-44)/x + 100/6?
3
Let c be 2*(-1)/(-4)*(-900)/(-50). Suppose -91*l - 2*n - 15 = -96*l, 3*l - c = -3*n. What is the remainder when 34 is divided by l?
1
Suppose -o - o + 54 = 0. Suppose 3*k + 15 = 15*n - 13*n, 2*n + 5*k + 9 = 0. Calculate the remainder when (n - (-516)/(-20))/((-6)/20) is divided by o.
22
Let d(y) = -25*y - 4 + 2 - 8 - 3. Let t be d(-3). Suppose 4*z - 67 = 5*i, t = 5*z + 5*i - 4*i. What is the remainder when 35 is divided by z?
9
Let c(f) = f**3 - 9*f**2 - 33*f - 37. Let o be c(12). What is the remainder when (-2808)/364*(-7)/((-1)/o) is divided by 25?
4
Let f(p) = 3*p**3 + p**2 - p. Let b(s) = 77*s + 523. Calculate the remainder when b(-6) is divided by f(2).
9
Let v be (-4 - 0)/(1 - 0). Let m(y) = 25*y - 33. Let o(x) = 16*x - 17. Let u(l) = 3*m(l) - 5*o(l). What is the remainder when 49 is divided by u(v)?
1
Let w = 990 + -537. Let c = w + -392. Calculate the remainder when 195 is divided by c.
12
Let o be (6/8)/((-1)/(-4)). Let t = 384 - 380. What is the remainder when (6/(-10))/(o/(-75)) is divided by t?
3
Suppose 64*u - 9322 = -115*u + 61*u. Calculate the remainder when u is divided by 25.
4
Suppose 0 = -22*r + r + 3003. Suppose -4*s + 3*d + 38 + r = 0, -3*d = 9. Calculate the remainder when (-167)/((2/(-1))/2) is divided by s.
38
Let b(v) = 4*v**2 + 53*v - 122. Calculate the remainder when b(-21) is divided by 97.
44
Suppose -13*o - 54 = -158. Suppose -o*p = -698 - 86. Calculate the remainder when p is divided by 29.
11
Let o be (-2)/6 - 3/(-